 77 - 5. What is the units digit of p?
7
Suppose 2*u - 17 = u - 3*p, 4*p - 28 = -4*u. Suppose -4*z + 3*n + 42 = 0, -u - 9 = -z + n. What is the units digit of z?
9
Let s(j) = -6*j**3 + j. Let b be s(-1). Suppose p = b*p - 32. What is the units digit of p?
8
Let f = 229 + -152. What is the tens digit of f?
7
Let x(m) = -2*m**3 - 3*m**2 - m - 1. Let u be x(-2). Suppose 23 = 3*z - p, 2*z = u*p + 1 - 3. What is the units digit of z?
9
Let b(c) = c**2 + c - 10. Let a be b(-5). Let h(q) = -q + 16. What is the units digit of h(a)?
6
Suppose -24 = -5*m - 5*t - 9, 0 = -t + 5. What is the units digit of (38/(-3))/(m/3)?
9
Suppose 0 = 2*m - 5*m - 3*l + 3, 3*m = -l + 9. Let o = 2 - m. What is the tens digit of 1 + (11 - (-4 - o))?
1
Let n(a) = a + a - 5*a - 8. What is the tens digit of n(-7)?
1
Let f be ((-12)/(-8))/((-3)/(-4)). Suppose -f*z - 24 = -82. What is the tens digit of z?
2
Suppose -2*l - 25 = -7*l. Suppose m = l*m - 44. What is the units digit of m?
1
Suppose -2*h = 2*d - 5*h + 7, 3*h = 15. Let z(n) = n**3 - 2*n**2 - 2*n - 3. What is the tens digit of z(d)?
2
Let o(h) = h + 2. Let u be o(4). What is the tens digit of 2/(-4) + 69/u?
1
What is the tens digit of 3/((-12)/31)*-4?
3
Let z(q) = q**2 - 3*q - 6. Let m be z(5). Suppose 0 = -4*n + 4*g, m*g - 1 = 5*n - 5. What is the units digit of n?
4
Let c be (-23)/4 - 1/4. Let w(x) = -2*x + 1. Let d(v) = -2*v. Let i(z) = 3*d(z) - 2*w(z). What is the units digit of i(c)?
0
Let h(b) be the first derivative of b**4/2 + 2*b**3/3 - 3*b**2/2 - 3*b - 3. Let n be h(-2). What is the units digit of n*1/(5/(-2))?
2
What is the units digit of (-33)/(-11) + 5*1?
8
Let d be ((-6)/8)/((-6)/16). Let v = 7 - d. What is the units digit of v?
5
Let n(j) be the first derivative of j**2/2 - 2*j - 1. Let i = -4 - -8. What is the units digit of n(i)?
2
Let z(q) = 2*q**2 + 5*q + 4. Let j be z(-3). What is the tens digit of 113/j + (-2)/14?
1
Suppose 3*m + 30 + 1 = 5*s, -2 = -2*s - 4*m. Suppose 2*v - 4 = -4*h + 22, -3*v - s*h + 43 = 0. What is the units digit of v?
1
Let b(r) = -r**2 - 6*r + 7. Let w be b(-7). Let y be (-2 - -3) + w/(-1). Suppose 0 = -3*f + 4*n + 19, -3*f - 4*n = -2*f - y. What is the units digit of f?
5
Let m be 203/35 + (-2)/(-10). What is the tens digit of (-82)/(-6) + (-4)/m?
1
Suppose 0 = -0*h - 5*h, 2*h - 12 = 2*s. Let z = 56 + s. What is the tens digit of z?
5
Let k(s) = -6*s - 13. What is the units digit of k(-3)?
5
Let y be (-1)/2 - (-44)/8. Suppose 3*i - 14 = -z, 3*i = -z - 3*z + 29. What is the units digit of (6/z)/(2/y)?
3
Let d(a) = 23*a**2 - 3*a - 2. What is the units digit of d(-1)?
4
Let l(q) = 23*q + 1. Let c = -14 + 15. What is the tens digit of l(c)?
2
Suppose -7*p = -2*p. Suppose 3*q = -2*v - 1, v - 2*q - 3 = -p. What is the units digit of v?
1
What is the tens digit of 364 + -8 + 8/4?
5
What is the units digit of (20 + -21)/(1/(-115))?
5
Let x = 19 + 21. What is the units digit of x?
0
Suppose 2*j + 4*b - 94 = 0, -9*j + 223 = -4*j - 2*b. What is the tens digit of j?
4
Let s = -35 + 49. Let n = s + -7. What is the units digit of n?
7
Suppose 4*x - 15 = -q, 9 + 0 = 5*x - 2*q. Let w = x - -8. What is the units digit of w?
1
Suppose 3*q + 6 = 3. Let n = -6 + q. Let p = n + 11. What is the units digit of p?
4
Let f(t) = 0*t**3 + 0*t**3 + 4*t**3. Let m be f(1). Suppose 0 = -m*c - 0 + 8. What is the units digit of c?
2
Let w(p) = p**2 + p - 1. Let v be w(-2). Let j = 21 + v. What is the units digit of j?
2
Suppose -2*n + 3*z + 67 = 0, 4*n = 9*z - 4*z + 137. What is the units digit of n?
8
Suppose 0 = 4*n - 5*n - 5. Let v(u) = -u**3 - 3*u**2 + 3*u - 6. What is the tens digit of v(n)?
2
What is the hundreds digit of (-2334)/(-8) + (-5)/(-20)?
2
Let s = 20 - 11. Suppose 0*q + 3*q - s = 0. What is the units digit of q?
3
Let k = 1 - 7. Let a be (k + 1)*(-8)/5. Suppose -3*g - 3*p + 6*p = -6, -4*g + a = 5*p. What is the units digit of g?
2
Let n(u) = 3*u + 31. Let p(y) = 2*y + 21. Let w(f) = 5*n(f) - 7*p(f). What is the units digit of w(-6)?
2
What is the units digit of 7/35 - 159/(-5)?
2
Let b = -12 + 10. Let r be (-45)/b*20/15. Suppose -6 = 3*j - r. What is the units digit of j?
8
Let v(y) = -3*y + 10. What is the tens digit of v(-7)?
3
Suppose -5*g + 105 + 55 = 0. Let a = g - 18. What is the tens digit of a?
1
Suppose 6*c - 280 = 272. What is the units digit of c?
2
Let n(a) = 2*a**2 + 2*a. Let k be n(-3). Let q(f) = f**3 - 12*f**2 + f - 9. What is the units digit of q(k)?
3
Let s(z) be the third derivative of z**6/120 + z**5/15 + 2*z**2. What is the units digit of s(-3)?
9
Let x = -2 + 5. Let v(h) = 2*h**3 - 3*h**2 - 4. Let w be v(3). Suppose t - 4*t + w = d, 2*t - 8 = x*d. What is the units digit of t?
7
Let t = 4 - 0. Suppose h = 2*h - 49. Suppose 0*k - 84 = -4*n - t*k, -4*n = -3*k - h. What is the tens digit of n?
1
Suppose 2*v + 1 = -1. What is the tens digit of -1 - 0 - -10 - v?
1
Let h(q) = -206*q + 3. Let n be h(3). What is the units digit of n/(-30) - (-2)/4?
1
Let m(w) be the first derivative of -3*w**2/2 - 7*w - 1. What is the units digit of m(-5)?
8
Let c = -3 - -2. Let r = c + 3. Suppose -4*b - i + 4 = 0, 4*b - r*b = -3*i - 8. What is the units digit of b?
2
Let a(k) be the third derivative of k**6/90 + k**4/24 - k**3/3 - 2*k**2. Let t(n) be the first derivative of a(n). What is the units digit of t(-1)?
5
Let f = -83 + 120. What is the tens digit of f?
3
Let m = 0 - -2. Let w = 0 + m. Suppose w*z + z = 6. What is the units digit of z?
2
Let u = -51 + 144. What is the tens digit of u?
9
What is the tens digit of (5 - (0 - -2))/(12/248)?
6
Let j = 3 + -1. Let p(b) = 3*b + 0 - 2*b + b**j + 2. What is the units digit of p(-3)?
8
Let f(s) = s**3 + 10*s**2 - 13*s - 1. What is the units digit of f(-11)?
1
Let f(v) = v**2 + 5*v. Let h be f(-6). Suppose 0 = g - 2*q + 1, 2*q = 3*g - h - 11. What is the units digit of g?
9
Let r(u) = -u - 4. Let b be r(-5). Let s(x) = x - 9. Let m be s(7). What is the units digit of m + (3 - (b + -3))?
3
Suppose h - 51 = -3*s, -3*s + s = -5*h - 34. What is the tens digit of s?
1
Suppose 6*c - 67 = 3*c + i, 4*c - 2*i - 88 = 0. Suppose -2*b + c = b + 2*t, 5*t + 80 = 5*b. What is the units digit of b?
1
Let t(z) be the third derivative of -z**4/24 + 8*z**3/3 - z**2. Suppose 5*m + 0*m = 35. What is the units digit of t(m)?
9
Suppose 0 = 4*i - 3 - 5. Suppose -i*j + 11 = 1. Suppose -28 = -3*v + j. What is the tens digit of v?
1
Let x be (-14)/77 - 563/(-11). Suppose 3*y + 0*y + 3*i = x, 3*y = 4*i + 65. What is the units digit of y?
9
What is the tens digit of 50/3*(-15)/(-10)?
2
Let t = -2 + 40. What is the units digit of t?
8
Suppose 379 = 2*j - 241. What is the hundreds digit of j?
3
Let v = 238 + 22. What is the hundreds digit of v?
2
Let z = 6 + -3. Suppose z*u = 21 - 0. What is the units digit of (-2)/u + 58/7?
8
Let y(o) = -o**2 + 3*o + 3. Let l be y(7). Let s be (-1)/(2/l)*2. Suppose -5*c + 50 + 0 = 5*v, 0 = -5*c + s. What is the units digit of v?
5
Let a(r) = 0 - 6 - 50*r + 7. What is the tens digit of a(-1)?
5
Let m(d) = -d**3 - d**2 + d + 1. Let s(n) be the first derivative of n**4 - n**3/3 - 3*n + 2. Let p(y) = -3*m(y) - s(y). What is the units digit of p(2)?
2
Let k(w) = 4*w - 3. Let p be k(2). Suppose -p - 5 = j. What is the units digit of (-7)/(7/j) + -1?
9
Suppose -h = -3*h - 6. Let z be 6/9 - (-8)/h. Let f(q) = q**2 + 2*q + 3. What is the units digit of f(z)?
3
Let b be 12/36 + (-14)/6. Let u = b + 25. What is the tens digit of u?
2
Suppose 3*p - 4*p + 54 = 0. Let i = p + -29. What is the tens digit of i?
2
What is the units digit of ((-13)/(-26))/(1/2)?
1
Let c = -9 - -17. Let a(g) = g**3 - 7*g**2 - 7*g - 7. Let i be a(c). Let q = 8 - i. What is the units digit of q?
7
Let v = -7 - -11. Suppose 4*j + 5*l - 37 = 0, -25 - 13 = -2*j + v*l. Suppose j + 9 = 2*x. What is the units digit of x?
1
What is the tens digit of (-3)/6*(-366)/3?
6
Suppose 56 = 6*y + y. What is the units digit of y?
8
Suppose -p - 88 = -5*p. What is the tens digit of p?
2
Suppose -9 = -3*f - 0*f. Suppose -4*j = f*m, 7 = -j + 2*m - m. What is the units digit of (-1)/3 - 16/j?
5
What is the units digit of 6/(-2) + (21 - -181)?
9
Suppose 3*z - 5 = 4. Suppose -f + z = -1. Suppose f*y - 4 = -0*y + 2*t, 5*y = 5*t + 5. What is the units digit of y?
1
Let t(s) = -s + 3. Let i be t(-5). 